ivided by 13.
11
Calculate the remainder when 3526/11 - ((-32)/22 + 2) is divided by 31.
10
Let l(z) = 5*z**2 + 3*z + 2. Let q be l(-1). Calculate the remainder when -1*(-42 - (1 - q)) is divided by 8.
7
Suppose -40 - 11 = -3*q. Let s = 13 + -11. What is the remainder when q is divided by (s + (-32)/12)*-9?
5
Let b(y) = -y**3 + 8*y**2 + 21*y + 3. Let q be b(9). Let n = q + -52. What is the remainder when n is divided by 15?
14
Suppose -q + 3 = 1. Let l be 3/(q + (-166)/86). Let r = l - 22. Calculate the remainder when r is divided by 6.
3
Suppose 3*v = 36 + 63. Calculate the remainder when v is divided by 9 + (6 - (7 + -4)).
9
What is the remainder when ((-471)/(-24) - -2)*8 is divided by 31?
18
Suppose 0 = 5*a + 2*y - 719, 0 = -3*a + 2*y + 97 + 344. What is the remainder when a is divided by 21?
19
Suppose 2*u - 438 = -4*t, -2*u = t - 2*t + 117. Suppose -3*i = -0*i - t. What is the remainder when i is divided by 30*13/((-663)/(-34))?
17
Let d = 402 + -67. What is the remainder when d is divided by 26?
23
Calculate the remainder when 57 is divided by -7 + 20/4 + 20.
3
Suppose s - 280 = -6*s. What is the remainder when s is divided by 24?
16
Let a(o) = 2*o**2 + 7*o - 12. Calculate the remainder when 50 is divided by a(3).
23
Let r(h) = -h**3 - 31*h**2 - 2*h - 49. Calculate the remainder when 96 is divided by r(-31).
5
Calculate the remainder when 294 is divided by (-20)/170 - (2658/(-51) + 1).
39
Suppose 11*b - 96 = 80. Calculate the remainder when 23 is divided by b.
7
Let x = -1497 + 1526. What is the remainder when 37 is divided by x?
8
Let b = -288 + 307. Calculate the remainder when 150 is divided by b.
17
Let s(k) = 2*k**2 - 20*k - 19. Let z = -27 - -40. Suppose v + 6 = z. What is the remainder when v is divided by s(11)?
1
Suppose 4*n - 150 = 5*x - 13, -3*n + 99 = -3*x. Calculate the remainder when 81 is divided by n.
25
Suppose -5*r = 8 + 12. Let y be (4 + r)/(-3) + 61. Let b = y + -42. What is the remainder when 54 is divided by b?
16
Suppose -4 = -3*r + 2*r. Let n(o) = -o**3 + 21*o**2 - 20*o + 5. Calculate the remainder when n(20) is divided by r.
1
Suppose -2*i = r - 44, 2*r - 4*r + 3*i = -109. Let t = 81 - r. Calculate the remainder when t is divided by 12.
7
Let v = -1716 - -2037. Calculate the remainder when v is divided by 14.
13
Suppose 2*z = 2*h + 17 - 57, 3*z = 4*h - 75. Suppose -a + 432 = 2*a - 5*c, -4*a + 3*c = -587. What is the remainder when a is divided by h?
14
Suppose 7*t - 598 + 360 = 0. What is the remainder when 81 is divided by t?
13
Let v(r) = r**3 - r + 6. What is the remainder when 37 is divided by v(0)?
1
Let f(h) = h**3 - 7*h**2 - 8*h - 11. What is the remainder when f(9) is divided by 3/(-6)*80/(-2)?
19
Suppose 2*h = 3*g + 16, g - 74 = -12*h + 7*h. Calculate the remainder when h is divided by 3.
2
Suppose 2*p = 10, 0 = -q + 3*p + 2*p - 9. What is the remainder when q is divided by -13 + 4 - (-8 - 8)?
2
Calculate the remainder when -7 + (22 - -7) + 4 is divided by 7.
5
Calculate the remainder when 4158/13 - 9*28/(-1638) is divided by 158.
4
Let t(o) = o**3 + 4*o**2 - 10*o + 2. Let n be t(-5). Calculate the remainder when -8*(n/(-12))/3 is divided by 5.
1
Let r be 2*(10/4 - 0). Suppose 0 = -2*j + 2*i + i - 3, r*i - 13 = 2*j. Suppose -n - 12 = -3*z, 4*n + 5 + 7 = 0. Calculate the remainder when j is divided by z.
0
Let z = 62 - 59. What is the remainder when (-154)/(-8) - z/(-4) is divided by 8?
4
Let w = -17 - -20. Suppose 2*r = 3 + 19. What is the remainder when r is divided by w?
2
Suppose -4*m = 3*a - 18 - 10, -2*a = -4*m + 8. Suppose a*h - 2*s = 646, 8*h - 5*s = 10*h - 293. What is the remainder when h is divided by 41?
36
Suppose 2*n - 44 + 4 = 0. Let x(b) = b - 5. What is the remainder when x(n) is divided by 10?
5
Suppose 5*m + 3*w = 543, -2*w - 102 = -2*m + 112. Suppose 11*z + 148127 - 148732 = 0. Calculate the remainder when m is divided by z.
53
Suppose 4*z = 12, -4 - 59 = -2*q + 3*z. What is the remainder when 1043 is divided by q?
35
Let a(j) = -j + 21. Suppose -l + 12 = 3. What is the remainder when 34 is divided by a(l)?
10
Let k = -6 - -8. Let y(v) = -10*v + 2. Let t be y(k). Let q = t + 27. What is the remainder when q is divided by 4?
1
Let i(c) be the first derivative of 5*c**3/3 + 3*c**2 + 16*c + 18. What is the remainder when i(-5) is divided by 38?
35
Let i = -1026 - -1145. Calculate the remainder when i is divided by 46.
27
Let g be 2092/5 + (-24)/60. Suppose -m = -4*o + m + g, o - 2*m = 106. Suppose 103 + o = 3*q. What is the remainder when q is divided by 18?
15
Let t = 3 + 16. Calculate the remainder when 23862/213 + 372/(-13206) is divided by t.
17
Suppose 5*b - 6 - 14 = 0, -2*l - b = -564. What is the remainder when l is divided by 71?
67
Suppose -3*g = -5*z - 45 + 422, -z - g + 77 = 0. Let s = -46 - -72. What is the remainder when z is divided by s?
24
Let k be 6 + 2/2 + 2. Let u(c) = 0*c + k - c - 4 + 10. What is the remainder when u(11) is divided by 2?
0
Suppose -5*z + 2501 = 2111. Calculate the remainder when 246 is divided by z.
12
Let u = -70 - -79. Calculate the remainder when 58/6 - 6/9 is divided by u.
0
Let z(p) = -4*p**3 - 3*p - 4. Let u = -35 - -73. What is the remainder when z(-3) is divided by u?
37
Let u = -1 - -5. Suppose -12 = -2*w - u*w. Let b(i) = 7*i - 4. Calculate the remainder when 19 is divided by b(w).
9
Let x be (0 - 4) + 4*1. Suppose x = -0*m - m. Suppose 6*f - 3*f - 45 = m. What is the remainder when f is divided by 6?
3
Let u be 1*(20 - 3) - -2. Let b = 14 - u. Let z = b - -12. Calculate the remainder when 11 is divided by z.
4
Let s(a) = -9*a + 4 + 0*a - 1 + 1. What is the remainder when s(-1) is divided by 3?
1
Let v(l) = l**2 + 2*l - 8. Let i be v(-8). Suppose -n + i = 3*n. What is the remainder when 49 is divided by n?
9
Let a be 282/5 + 2/(-5). Suppose 83 - 58 = 5*t. Suppose -t*x + 29 = -a. Calculate the remainder when 63 is divided by x.
12
Suppose z + 4*z - 1085 = -3*f, 5*f - 1817 = -4*z. What is the remainder when f is divided by (-272)/(-6) + (910/126 + -7)*3?
43
Suppose -15*x + 241 + 1814 = 0. What is the remainder when 425 is divided by x?
14
Let x(n) = -n**3 + 5*n**2 - n + 7. Suppose c - 15 = -2*c. Calculate the remainder when -11 - 60/(-105)*28 is divided by x(c).
1
Suppose -26*n - 54 = -25*n. Calculate the remainder when 13/(-2)*(-72)/6 is divided by (n/(-10))/((-1)/(-5)).
24
Let x = 105 + -104. Suppose -r - 3*c + 2 = -2, -c = x. Calculate the remainder when 76 is divided by r.
6
What is the remainder when 112 is divided by (-1)/(-4) - (-930)/24?
34
Let m = -142 + 776. What is the remainder when m is divided by 40?
34
Let b = 5 + 11. Calculate the remainder when b is divided by 7*(-16)/2*14/(-98).
0
Suppose 2*j - 60*z + 64*z = 48, j - 18 = 4*z. Suppose -4*q + 6*i - 4*i = -412, -2*q - 5*i + 218 = 0. What is the remainder when q is divided by j?
16
Let r = 142 - 124. Suppose 5*h + r = 203. What is the remainder when 182 is divided by h?
34
Let v(r) be the first derivative of -r**4/4 + 11*r**3/3 - 7*r**2 + 17*r - 8. What is the remainder when v(8) is divided by 33?
31
Let o(p) = -17*p**3 - 2*p - 3. What is the remainder when 44 is divided by o(-1)?
12
Let z(f) = -5*f + 34. Let o be z(6). Suppose o*a + 198 = 2*j, 3*j - 6*a = -3*a + 300. What is the remainder when j is divided by 26?
23
Suppose -2*d + 1 = -d, f + d + 170 = 0. Let z be (-20)/(-90) - 4748/(-18). Let g = z + f. Calculate the remainder when g is divided by 24.
21
Let z be ((-5)/10)/(2/(-156)). Let b = z - 23. What is the remainder when b/8 - (-25 + 0) is divided by 15?
12
Suppose -2*a + 4*d + 582 = 0, -6*a - 291 = -7*a - 4*d. Calculate the remainder when a is divided by 49.
46
Let n be -1*(2 + -2 + -6). Suppose n*m - 2*m = 108. Let q = 399 - 392. What is the remainder when m is divided by q?
6
Suppose 15 = 2*s + 3*s. Suppose -w = -s*a + 75, 5*w + 11 = 4*a - 3*a. Calculate the remainder when a is divided by 15.
11
Let n = 220 - 210. Let p = 158 + -111. Calculate the remainder when p is divided by n.
7
Suppose 0 = -11*v + 7*v + r + 126, 3*r = -5*v + 149. What is the remainder when v is divided by (-17)/((-1)/(-1 + 2))?
14
Suppose -4*c = -5*l + 128, -l = -4*c + 11 - 27. Calculate the remainder when l is divided by 20.
8
Let w be 1 + -2 - 195/5. Let v be ((-18)/(-15))/((-12)/w). Suppo